ite number?
True
Is (38 - -2)*4 + 1/1 prime?
False
Suppose 45 = 2*h - h. Suppose -3*o + 98 = q - h, 4*o = -q + 148. Is (q/(-2) - 3)*-1 composite?
False
Suppose -1885 = -k + 2*m, 5*m + 4146 = 3*k - 1508. Is k composite?
True
Let z be 58/8 - 1/4. Let i(a) = 2*a - 10. Let c be i(z). Suppose -4 = 2*h, 0*h = y - c*h - 57. Is y a composite number?
True
Let x be (-3)/(-9)*(1 - 22). Let a = x + -60. Is a*(-1)/(-2)*-2 a prime number?
True
Suppose 3*j + 4*y = y + 8787, 0 = y + 4. Is j a composite number?
True
Let g(r) = -2*r**2 - 4*r - 4. Let f be g(-2). Let v = 16 - 10. Let h = v - f. Is h a composite number?
True
Is 4925/13 + 20/130 a composite number?
False
Let x = 3 - 3. Suppose x*a - 4*a - 20 = 2*f, a + 5 = f. Suppose -3*u + 3*q - 4*q + 106 = 0, 4*u - 2*q - 128 = f. Is u a prime number?
False
Let o(a) = -47*a + 6. Let q(g) = -46*g + 5. Let p(u) = 3*o(u) - 4*q(u). Is p(3) composite?
False
Let o be 4/(-10) + 189/(-15). Let u = -4 - o. Suppose 4*j - 83 = u. Is j a prime number?
True
Suppose -5*f + 1905 + 850 = 0. Is f a prime number?
False
Suppose -2*f - 4*f + 6258 = 0. Is f prime?
False
Suppose 3*p - 4*p - 3*u = -208, 684 = 3*p - 3*u. Is p a composite number?
False
Let b(m) = m + 14. Let z be b(0). Let c = z - 3. Is c prime?
True
Let w be (172 - (-9)/3)*1. Suppose 4*k = -k + w. Is k composite?
True
Is (-6381)/18*(-2 + 0) composite?
False
Let l = -15 - -176. Is l prime?
False
Let n(y) = y**3 + 12*y**2 + 16*y + 15. Is n(-10) prime?
False
Let t(i) = 673*i**2 + 4*i - 4. Is t(1) a composite number?
False
Let z(y) = 23*y + 21. Is z(10) prime?
True
Suppose 82 = 4*g - 70. Suppose 5*j - g = 492. Is j a composite number?
True
Suppose 2*s + 261 = q, 4*q + 3*s - 1024 = s. Is q a prime number?
True
Suppose -25*i + 29*i - 1636 = 0. Is i a composite number?
False
Let t be (0 + -38 + -3)*-1. Let z = 48 + t. Is z prime?
True
Let u = 16 + -11. Suppose u*q - 1052 = -307. Is q a prime number?
True
Suppose 4*l = 11 + 49. Suppose 0 = -4*c - c + l. Suppose 3*z + 5*y + 11 = 35, -c*z = -y - 6. Is z a prime number?
True
Let q be (-34)/(-8) + 6/8. Suppose 31 = -4*u + q*u. Is u prime?
True
Let p be 2*((-900)/(-8))/5. Is (p/(-18))/((-1)/10) a composite number?
True
Let k(w) = 0 - 3 - 3*w + 4*w. Let p be k(5). Is 87/6 + p/4 a composite number?
True
Let y be 14/3 - 2/(-6). Suppose -241 + 6 = -y*o. Is o a prime number?
True
Is (0 + -2719)*(29 - 30) prime?
True
Suppose -i = 3*i - 16. Let h = -2 + i. Suppose 3*p + 0*z = -2*z + 773, p + h*z = 255. Is p a prime number?
False
Let i(m) be the first derivative of -m**4/4 - m**3 - 3*m**2/2 - 3*m + 4. Is i(-3) composite?
True
Suppose 10*v + 3844 = 14*v. Is v prime?
False
Suppose 0 = -5*w + 30 + 45. Suppose -5*k - 3*i = -455, 2*k - 208 = i - w. Is k a prime number?
False
Let j = 83 - -35. Is j a prime number?
False
Suppose -s + 65 = -5*c - 6*s, -2*s = 3*c + 34. Let n(w) = 5*w**2 + 9*w - 7. Let h(z) = 6*z**2 + 9*z - 8. Let d(k) = 4*h(k) - 5*n(k). Is d(c) composite?
False
Let x be 102/30 + 2/(-5). Suppose -4*m - 154 = -3*q, -4*q = x*m - 19 - 228. Is q prime?
False
Suppose -2 = -q + 2. Suppose 0 = -3*n + 5*s + 21, s = n + q*n - 35. Suppose n*v = 2*v + 235. Is v prime?
True
Let z(b) = 4*b**3 + b**2. Let f be z(3). Suppose f = 3*h + 3*p, -2*h + 6*h - 176 = p. Is h a composite number?
False
Is -5 + -3 + 5 - -580 composite?
False
Let a(q) = -q - 4. Let m be a(0). Is (-424)/(-16)*m/(-2) composite?
False
Let v(q) = -q**3 - 6*q**2 + 3. Let y be v(-6). Let s(h) = 6 - 4 + 39*h - 12*h. Is s(y) a composite number?
False
Let n(p) = 2*p**3 + 2*p - 1. Let w be n(1). Suppose -255 = -d + 2*x, -x = w*d - 0*x - 765. Suppose c - 15 = -4*m + 202, -5*m + d = -2*c. Is m prime?
True
Suppose 7*h - 3*h - 5276 = 0. Is h a composite number?
False
Suppose -4*s + 121 + 507 = 0. Suppose 2*t = 3*t - s. Is t prime?
True
Let r be (3/2)/(6/(-8)). Is ((-23)/(-2))/((-1)/r) a composite number?
False
Suppose -4*l + 3*l - 269 = 0. Let v = -563 + l. Is v/(-10) + (-1)/5 prime?
True
Let y(g) = 5*g**2 + 7*g - 1. Is y(7) a prime number?
True
Is 3/(-6)*(-9114 + 4) a composite number?
True
Let f(p) = -3*p**3 - 17*p**2 - 21*p - 3. Is f(-10) composite?
True
Let p(u) = -14*u - 13. Is p(-27) prime?
False
Suppose 2*x - k = -6*k + 1, 0 = -x - 2*k. Let n be (-3 + (-866)/(-4))*x. Let h = -284 - n. Is h a prime number?
False
Let l(m) = 77*m**2 - 5*m - 7. Is l(-3) prime?
True
Let v(p) = 140*p - 1. Let m(u) = -281*u - 2. Let z(o) = -281*o - 1. Let s(d) = -4*m(d) + 5*z(d). Let k(w) = 2*s(w) + 5*v(w). Is k(1) a prime number?
True
Suppose -2*v + 234 + 268 = 0. Is v composite?
False
Suppose 0*k + 3*k = 111. Suppose 5*d - 6*d + k = 0. Is d a prime number?
True
Let a = -222 - -551. Is a a prime number?
False
Let d be 1/3 - (-328)/6. Suppose -3*t - 2*t = -d. Is t a composite number?
False
Let v(s) = -s**3 - 3*s**2 + 6*s - 14. Is v(-6) a prime number?
False
Let b = 5 + 0. Suppose b*t - 6 = -3*y, 8*y = 5*t + 3*y + 10. Suppose -2*m + 3 + 9 = t. Is m prime?
False
Let b(g) = g**2 - 2*g - 4. Let f be b(-4). Suppose p = -3*p + f. Suppose p*i = -2*c + 114, 2*i = c + 21 + 21. Is i prime?
False
Suppose -268 = -13*p + 9*p. Is p composite?
False
Let n = 3481 + -2399. Is n a prime number?
False
Let s = 411 + -82. Suppose s = 2*w - 2*g + 81, -5*w - 5*g + 650 = 0. Is w prime?
True
Let s(n) = -3*n**2 + 264. Let p(u) = -8*u**2 + 793. Let b(o) = 4*p(o) - 11*s(o). Let f be b(0). Suppose -3*j = j - f. Is j a composite number?
False
Is 11085/(-10)*(-6)/9 composite?
False
Let j = -17 + 21. Suppose n + n + 4*c - 798 = 0, 2*c = j*n - 1556. Is n prime?
False
Let a(u) = -u**2 - 4*u + 4. Let j be a(-4). Suppose 316 = j*l - 0*l. Suppose -f - 12 + l = 0. Is f a prime number?
True
Let a be 1/(6/(-8))*-3. Let m(o) = 20*o + 5. Is m(a) prime?
False
Let r(z) = -z - 3. Let b be r(-3). Suppose -5*y + y + 52 = b. Is y a prime number?
True
Let z(y) = 54*y - 57. Is z(21) a prime number?
False
Let u be (-4)/5*20/(-8). Suppose -u*n - m = 3, -4*n + m - 1 = -2*m. Is (259/28)/(n/(-20)) a prime number?
False
Suppose -q = -15 + 239. Let l = -21 + 0. Let b = l - q. Is b composite?
True
Let g be (4/6)/(2/237). Is g/7 - (-10)/(-35) a composite number?
False
Let z = -6 + 10. Suppose 3*c - z*l = 302, -3*c + l + 0*l = -314. Suppose 2*w = 48 + c. Is w a prime number?
False
Let x(k) = -4*k**2 + 10*k - 6. Let w(d) = -5*d**2 + 11*d - 6. Let h(a) = -3*w(a) + 4*x(a). Let n be h(6). Suppose u + 100 - 257 = n. Is u a prime number?
True
Suppose 0 = -r - 2*v + 3363, 7*r - 4*r + v = 10079. Is r prime?
True
Let h be 2/5 + (-18)/(-5). Let o(q) be the second derivative of q**4/4 + q**3 - 3*q**2/2 - 4*q. Is o(h) a prime number?
False
Suppose -h + 0*h = 73. Let u = -35 - h. Is u a prime number?
False
Suppose -1175 = 2*y - 7*y. Is y a composite number?
True
Let t(s) = 49*s**2 + s - 1. Let d be 3 + (-4)/(-3 + 5). Is t(d) a prime number?
False
Suppose 0 = -4*l - l + 5755. Is l a composite number?
False
Suppose -3*r = p - 10, 3*r - 20 = r - 4*p. Suppose 0 = 3*k - 2*d - 345, 4*k - 688 + 230 = r*d. Is k composite?
False
Let s(d) = 5*d**3 - 20*d**2 + 20*d + 1. Let i(q) = 5*q**2 + 0*q**2 + 4*q**3 - 5*q - 5*q**3. Let h(p) = -9*i(p) - 2*s(p). Is h(-6) a composite number?
True
Suppose 616 = 2*t - 488. Let g be (-4)/(-6) + t/9. Suppose -5*m + g = -4*m + 3*z, -52 = -m - 5*z. Is m prime?
False
Let r = 66 - 13. Is r a prime number?
True
Suppose 0 = -3*v - u + 391, -4 + 6 = -u. Is v composite?
False
Let v = -354 + 591. Is v prime?
False
Suppose 688 = 2*y - 5*w - 286, y + w - 487 = 0. Is y a prime number?
True
Suppose 0 = -4*d + 20, -2*d + 0*d - 10 = -5*n. Suppose 3*u = -5*b + 3202, 5*b - n*u - 1560 = 1649. Is b composite?
False
Let w = 316 - 138. Suppose -2*v + w = 4*q, 0*v + 338 = 4*v - q. Is v composite?
True
Suppose 0*l + 16 = 2*l. Suppose n = 3*n + l. Let m(o) = o**3 + 5*o**2 - o - 1. Is m(n) composite?
False
Suppose 0 = 24*j - 20*j - 824. Is j composite?
True
Let y(k) be the third derivative of k**5/15 + k**3/6 + k**2. Suppose 2*s - s = 2*o - 14, 2*s = 5*o - 33. Is y(s) composite?
True
Suppose 4*i - 2*i - o - 16705 = 0, -2*o = -5*i + 41761. Is i prime?
False
Let b be (-1 - -3)*(-220)/8. Let m = b + 19. Let a = -26 - m. Is a a composite number?
True
Let p = -543 + 796. Is p a composite number?
True
Let b(z) = 3*z**2 - z - 1. Suppose -4*y = -5 - 15. Is b(y) a prime number?
False
Le